{"id":28,"date":"2020-04-29T10:47:10","date_gmt":"2020-04-29T10:47:10","guid":{"rendered":"http:\/\/www.sic-tn.com\/test\/test\/?page_id=28"},"modified":"2020-05-02T12:45:52","modified_gmt":"2020-05-02T12:45:52","slug":"produits","status":"publish","type":"page","link":"https:\/\/www.sic-tn.com\/?page_id=28","title":{"rendered":"Produits"},"content":{"rendered":"\n<p>&#8211; Mat\u00e9riel Informatique : PC, Ordinateurs Portables et Serveurs<\/p>\n\n\n\n<p>&#8211; Equipements r\u00e9seau et S\u00e9curit\u00e9 (firewall, switch, C\u00e2blage, Routeur\u2026)<\/p>\n\n\n\n<p>&#8211; T\u00e9l\u00e9phonie VOIP (Grandstream et Cisco)<\/p>\n\n\n\n<p>&#8211; Software et Syst\u00e8mes d&rsquo;exploitation (Installation et ventes)<\/p>\n\n\n\n<p>&#8211; Imprimantes <\/p>\n","protected":false},"excerpt":{"rendered":"<p>&#8211; Mat\u00e9riel Informatique : PC, Ordinateurs Portables et Serveurs &#8211; Equipements r\u00e9seau et S\u00e9curit\u00e9 (firewall, switch, C\u00e2blage, Routeur\u2026) &#8211; T\u00e9l\u00e9phonie VOIP (Grandstream et Cisco) &#8211; Software et Syst\u00e8mes d&rsquo;exploitation (Installation et ventes) &#8211; Imprimantes<\/p>\n","protected":false},"author":1,"featured_media":0,"parent":0,"menu_order":0,"comment_status":"closed","ping_status":"closed","template":"","meta":[],"_links":{"self":[{"href":"https:\/\/www.sic-tn.com\/index.php?rest_route=\/wp\/v2\/pages\/28"}],"collection":[{"href":"https:\/\/www.sic-tn.com\/index.php?rest_route=\/wp\/v2\/pages"}],"about":[{"href":"https:\/\/www.sic-tn.com\/index.php?rest_route=\/wp\/v2\/types\/page"}],"author":[{"embeddable":true,"href":"https:\/\/www.sic-tn.com\/index.php?rest_route=\/wp\/v2\/users\/1"}],"replies":[{"embeddable":true,"href":"https:\/\/www.sic-tn.com\/index.php?rest_route=%2Fwp%2Fv2%2Fcomments&post=28"}],"version-history":[{"count":3,"href":"https:\/\/www.sic-tn.com\/index.php?rest_route=\/wp\/v2\/pages\/28\/revisions"}],"predecessor-version":[{"id":139,"href":"https:\/\/www.sic-tn.com\/index.php?rest_route=\/wp\/v2\/pages\/28\/revisions\/139"}],"wp:attachment":[{"href":"https:\/\/www.sic-tn.com\/index.php?rest_route=%2Fwp%2Fv2%2Fmedia&parent=28"}],"curies":[{"name":"wp","href":"https:\/\/api.w.org\/{rel}","templated":true}]}}